 -412. Let n = c - w. Is n a prime number?
False
Let u(o) = 1619*o + 23. Is u(2) a composite number?
True
Let d(x) = x**3 - x**2 + x + 187. Let y(l) = -l**3 - 2*l**2 - 2*l - 1. Let w be y(-2). Suppose -v - w = -2, -z - 5 = 5*v. Is d(z) prime?
False
Suppose 4*s - 9 - 15 = 0. Suppose -k - s = 21. Is ((-52)/3)/(18/k) composite?
True
Is (16274/(-515))/((-2)/745) composite?
True
Let a be (-477)/6*(219/(-9) + -1). Suppose -s + a = -o, -2*s - 4056 = -4*s - 5*o. Is s composite?
True
Suppose 1328 = 21*g - 5*g. Is g composite?
False
Suppose -2*m - 23735 = -3*i + 3*m, -2*m = -3*i + 23741. Is i composite?
True
Let i(f) = -47*f - 3. Let u = 1 - -5. Suppose -14 = 2*w - u. Is i(w) composite?
True
Suppose 2007 + 953 = -4*u. Let q = u - -1443. Is q a prime number?
False
Let d be 4/3 - (-808)/(-3). Let t = 383 + d. Is t a composite number?
True
Let n(x) = 2*x**3 - 12*x**2 - x + 14. Is n(9) prime?
True
Let k be 2/6 + (215792/12)/4. Suppose k = 3*m + 413. Is m a prime number?
True
Suppose 20*a = 16*a + 8. Suppose 2*o = -a*o - 8. Is o/(-10) + 4216/20 a prime number?
True
Let h(s) = 2*s - 10. Let t be h(6). Let j(o) = -t - 10*o - 85*o - 6. Is j(-5) composite?
False
Let r(f) = -2*f**3 - 10*f**2 + 2*f - 1. Let t(y) = y**2 + 1. Let k(q) = r(q) + 2*t(q). Let d = -13 - -7. Is k(d) prime?
False
Let m = -126 + 177. Let n be 4/(m/(-12) - -4). Is (-844)/n*12/3 a prime number?
True
Let g(k) = -k**3 - 4. Let j be g(-2). Suppose 0 = j*n + 3*w + w - 6036, 3*n + 2*w = 4531. Is n a prime number?
False
Suppose 2 = 3*u + 2*a - 4, 0 = 4*u + 4*a - 8. Suppose 0 = -3*f - 0*f + 9, 3502 = 4*x - u*f. Is x composite?
False
Let i(j) = -6*j**3 - 2*j**2 - j. Let d be i(-1). Suppose 473 = 6*r + d*r. Is r composite?
False
Let a(m) = 881*m - 6. Is a(19) a prime number?
False
Let y(l) = l**2 - 4*l - 2. Let d be y(-8). Let f = 188 - d. Suppose -4*z - 2 = 6, 4*k - 5*z = f. Is k composite?
True
Is (-52146 - 1)*(-4 + 3) a composite number?
False
Suppose 0 = -5*l - m + 1203, 12*l + 3*m = 11*l + 235. Let s = l - -2186. Is s composite?
True
Suppose 3*w + 7*h - 2*h = 22, 5*w = h + 46. Suppose 2*z + 3*n - 15 = 2, -2*n = -2*z + 12. Suppose -z*a = -w*a + 422. Is a a prime number?
True
Suppose -4*w = 4*d + 12, 0 = 3*w + d + 1 + 2. Suppose 3*j + 0*j - 33 = w. Suppose -j = -y + 11. Is y a composite number?
True
Suppose -4*l - 2*p + 41470 = 0, 0*p = 5*l - 5*p - 51860. Is l a prime number?
True
Let w(g) = -g**3 + 22*g**2 - 2*g + 12. Let h(j) = j**3 - 4*j**2 - 19*j + 3. Let s be h(7). Is w(s) a prime number?
True
Suppose 7*i + 1570 = 17*i. Is i prime?
True
Let x(i) = -91*i**3 - 2*i**2 + 2. Let g be x(-1). Suppose 0 = -g*o + 89*o + 1538. Is o composite?
False
Let b(a) = -544*a**2 - 7*a + 6. Let v be b(4). Is v/(-30) + 6/45 composite?
True
Let m(o) = 10577*o**3 - 5*o**2 + 2*o + 3. Is m(1) a prime number?
False
Suppose 5*m + 6*s - 4*s = 35, 0 = 3*m - 5*s + 10. Let l(v) = 4*v**3 - 6*v**2 - 3*v. Is l(m) prime?
False
Suppose -9774 + 3933 = -9*p. Is p a prime number?
False
Suppose 7*z - z = 24. Let y be (z/(-20))/((-3)/15). Is (17*6)/(1 + y) composite?
True
Suppose 0*s - 19 = -3*f - 2*s, 2*s + 30 = 4*f. Let i(v) = -v**3 + 18*v**2 - 9*v + 5. Is i(f) composite?
True
Let c(i) = 285659*i**2 + 3*i + 3. Is c(-1) a composite number?
True
Let a(j) = 410*j**2 + 33*j + 62. Is a(-7) a composite number?
True
Is (-12880)/(-42) + ((-3)/(-3))/3 prime?
True
Suppose -4*a - 20 = -3*a. Let v = a + 23. Suppose v*f - 995 = 118. Is f prime?
False
Suppose -141097 = -2*v - 3*q - 17222, -3*v + 185816 = q. Is v prime?
False
Let y = -21110 + 39145. Is y a composite number?
True
Let j(k) = k**3 - 16*k**2 - 4*k - 34. Let x be j(16). Let v(h) = -309*h**3 - h**2 + 1. Let t be v(1). Let d = x - t. Is d a prime number?
True
Let n = -159 - -442. Let x = n + 22. Is x prime?
False
Let r be ((-1)/2)/((-5)/220). Suppose d + r = -d. Let q(k) = k**2 + 9*k + 13. Is q(d) prime?
False
Let c(i) = i**2 - 11*i + 5. Let x be c(11). Suppose 0 = -x*w + 7*w - 8. Suppose -5*j - 2*t = -2247, -3*j - 471 = -w*j + 5*t. Is j a prime number?
False
Let c be (-79)/3*(4 - 22). Suppose 4*p + 944 = -h, 4*p = 3*h - h - 932. Let l = p + c. Is l composite?
False
Suppose 5526 = 34*q - 25*q. Is q a composite number?
True
Let b(x) = 26*x**2 + 5*x + 59. Let k(c) = 13*c**2 + 3*c + 29. Let n(m) = 4*b(m) - 7*k(m). Is n(-10) a composite number?
True
Let u = -52721 - -100942. Is u prime?
True
Suppose n = 18*n + 136. Suppose 0 = 2*g - 27 - 9. Let z = g + n. Is z a composite number?
True
Suppose 101474 = 29*z - 131280. Is z a prime number?
False
Is (-19622)/3*(-54)/36 a composite number?
False
Suppose 0*z - z = 4*d + 293, -586 = 2*z + 3*d. Let j be -4 - z - (0 + 0). Let a = j - 140. Is a composite?
False
Let f be (-1)/(21/(-56) - (-2)/8). Let n = f - -3. Is n a composite number?
False
Suppose 0 = -t - 2*d + 2, t = -0*t + d - 10. Let y be 5 + t*1/(-2). Suppose -y = 2*q, 0 = a + 4*q - 58 - 39. Is a a prime number?
True
Suppose -3*r + 4*x = -49, x = -4*r - x + 102. Let b = 157 - r. Is b prime?
False
Let u(p) = 162*p**2 + p. Let i be u(-1). Suppose -6*n - 5*n - 924 = 0. Let z = i + n. Is z composite?
True
Is ((-6)/81)/1 - 2047206/(-162) composite?
False
Let g be (-21)/7 + 1 + 1 + -981. Let z = g - -1579. Is z composite?
True
Suppose l = 4*q - 9, -3*q = -1 - 8. Let r be 1 - 4/2 - 3. Let t = l - r. Is t a prime number?
True
Let l(g) be the second derivative of 407*g**3/6 - 31*g**2/2 - 14*g. Is l(10) a prime number?
False
Let z(d) = d**2 + 8*d + 1. Suppose 3 = -4*t - 5*c, 3*c - 17 = 3*t + 19. Let w be z(t). Let u(i) = 4*i**2 - 7*i + 1. Is u(w) prime?
False
Suppose -57*x - 12*x = -18147. Is x a composite number?
False
Let g be 237*40/(-48)*(-22)/5. Let h = g - 358. Is h a prime number?
False
Suppose p + 4*g - 189 = -61, -4*g - 336 = -3*p. Suppose -3*r - 41 = 3*n - 371, -r + n = -p. Is r a prime number?
True
Is ((-2)/(-8))/((-5)/(-818260)) prime?
False
Let l(y) = 14*y**2 - 3 - y**3 - 9 + 0 + 16*y - 1. Is l(14) prime?
True
Let r = 65 + -51. Let s(k) = 12*k**2 - 20*k - 19. Is s(r) prime?
True
Is (10/(-4))/(75/(-150)) + 277632 a prime number?
True
Suppose 0 = -3*p - 2*p. Suppose h = -0*h + 4. Suppose h*l - 8*l + 596 = p. Is l a prime number?
True
Suppose -3206 = -q + 3*k, -2*q + q = -4*k - 3207. Is q a composite number?
False
Let d = 12474 - 6015. Suppose 7*q - 10*q = -d. Is q prime?
True
Let p be 0/(2/1 + 0). Suppose 3*r - 32 - 43 = p. Let q = 72 + r. Is q prime?
True
Suppose 0 = -3*v - 5*o + 10, -v + 0*v + 7 = -2*o. Suppose -4*a + 4*l = 804, -v*a - 3*l = -2*l + 975. Let z = -69 - a. Is z a composite number?
False
Let j(x) = -2*x**3 - 7*x**2 + 4*x + 6. Let k be j(-4). Is (k/(-9))/((-1)/(-6)) - -1271 prime?
False
Let j be ((-2)/4)/(2/(-16)). Suppose j*x + 12 = -7*f + 3*f, 20 = -4*f. Suppose n - 159 = -x*n. Is n composite?
False
Suppose -186 = -u + 2*u + a, 3*u - 4*a + 565 = 0. Let s = u - -366. Is s a composite number?
False
Let o(a) = 335*a + 5. Let l be o(1). Let y = l - -411. Is y composite?
False
Suppose -40*x = -34*x - 32766. Is x composite?
True
Suppose 0*h - 4*h + 8 = 0. Suppose -2*p + 8 = h*u, 0*u - 5*u = p - 8. Suppose 3*d + u = -14, 3*b + 3*d - 432 = 0. Is b composite?
False
Is 4/(-34) + 1545255/51 + -1 prime?
False
Let j(d) = 0*d - 2*d + 97 + d - 2*d. Is j(0) prime?
True
Let z = 6845 - 3426. Is z prime?
False
Let x be 2/(2/1523) + 1. Is -2 + x/3 + 3 composite?
False
Let n = -17914 - -41268. Is n prime?
False
Let r = 20 + -13. Let i be 3/5*(r - 2). Suppose -4*x + f = -1631, -i*f = -2*x - 256 + 1059. Is x prime?
True
Let h(g) = -g**2 - 6*g + 11. Let a be h(-7). Let v be 0 - -25 - (-7 + a). Is 7036/v - (-4)/(-14) composite?
False
Is (56215/15 - -1)/((-6)/(-9)) composite?
False
Let j(o) be the second derivative of -o**5/20 - 13*o**4/12 + 13*o**3/3 - o**2 + o. Is j(-15) a prime number?
False
Let u(w) = -2 + 8 - 3 + 2*w. Let h be u(-2). Let v(r) = 148*r**2 - 2*r - 1. Is v(h) prime?
True
Is 14/(-21) + (-3641)/(-3) composite?
False
Let w be (-1931)/(-4) + (-12)/(-48). Let l = 590 + w. Is l prime?
False
Let d = 4572 + -1573. Is d prime?
True
Let u(y) = -104*y**3 - 6*y**2 - y + 8. Let t(l) = 311*l**3 + 17*l**2 + 3*l - 23. Let w(x) = 6*t(x) + 17*u(x). Is w(3) a prime number?
True
Suppose -6*w = -11*w + 20910. Suppose 4*g - 5597 = -3*a, 0*a + w = 3*g - 3*a. Is g composite?
True
Let i(c) = -1028*c + 6. 